 0 = -4*f. Calculate the highest common factor of g and 182.
26
Suppose 13 = 3*g + 1. Let d be (g/(-5))/((-1)/5). Suppose -2*i - 3*s = -4, d*i + 4*s = 16 - 0. Calculate the greatest common factor of i and 72.
8
Let i = 264 - 185. Suppose -185 - i = -3*k. What is the highest common factor of k and 11?
11
Suppose 2*c = 2*b + 40, -4*c + 7*c = -5*b - 100. Let a be (25/(-10))/(2/b). Suppose -4*w + a = -75. What is the highest common divisor of 5 and w?
5
Suppose 0 = -4*l - 0*m - m + 8, 0 = 5*l + 5*m + 5. Suppose 35 = 4*r - 25. Calculate the highest common divisor of r and l.
3
Let m(j) be the first derivative of 7*j**2 - 2. Let i be m(1). What is the greatest common divisor of 21 and i?
7
Let z(p) = -p**3 - 6*p**2 + 3*p - 14. Let w be z(-7). Calculate the highest common divisor of 70 and w.
14
Let l(d) = -6*d - 20. Let w(v) = v + 4. Let h(s) = 3*l(s) + 16*w(s). Let c be h(-8). Calculate the greatest common factor of 20 and c.
20
Let m = 221 + -187. What is the greatest common divisor of m and 170?
34
Let k(x) = 2*x**2 + 2*x. Let l be k(2). Let p = 1 + 1. What is the highest common factor of l and p?
2
Let z be 7/(7/(-4)) - -16. Calculate the highest common factor of 3 and z.
3
Suppose 3*u + 46 = 5*u. Let x(d) = -d**2 + 4*d - 1. Let b be x(4). Let f(j) = -22*j + 1. Let v be f(b). Calculate the greatest common divisor of v and u.
23
Suppose 21 = 3*n + 9. Let r = -7 + 35. What is the greatest common factor of r and n?
4
Suppose -x + 0*x + 3*u + 48 = 0, 5*x - 5*u - 250 = 0. What is the highest common factor of x and 3?
3
Let l be ((-6)/(-3) + 0)*-8. Let j = l - -32. Suppose -k + j + 2 = 0. What is the highest common factor of k and 54?
18
Let j be (9/18)/((-2)/(-4)). Calculate the greatest common divisor of j and 8.
1
Let u be -2 + 4 + 0 - -1. Suppose -6*c + c + n = -79, 2*c - 18 = -u*n. Calculate the highest common factor of 15 and c.
15
Let l = -6 - -10. Suppose l*q - 28 = -4*x, 0*q + 10 = 5*q. Suppose -x*f = -66 + 6. What is the greatest common divisor of 60 and f?
12
Let f(t) = -t**2 - 15*t + 17. Let j be f(-16). Calculate the greatest common factor of j and 3.
1
Let n(s) = -s**2 - 13*s - 11. Let t be n(-11). Let d(j) = -50*j - 1. Let w be d(-2). What is the greatest common divisor of t and w?
11
Let a(v) = 2*v**2 + 23*v + 10. Let u be a(-15). Calculate the highest common factor of 46 and u.
23
Let l = -73 - -99. What is the greatest common factor of 39 and l?
13
Suppose -42 = -5*f - 2. What is the highest common factor of f and 24?
8
Let y = 41 - 21. What is the highest common divisor of y and 10?
10
Let s be (-1)/(2/(-20))*(-7 - -11). Calculate the highest common factor of 8 and s.
8
Let n(k) = -8*k - 6*k - 1 + 3*k - 4*k. Let m be n(-1). What is the highest common factor of m and 84?
14
Let l(u) = -3*u + 3. Let m be l(3). Let b be (m/4)/(10/(-60)). What is the highest common divisor of 45 and b?
9
Let c be 89 - ((-10)/(-2) + -4). What is the highest common factor of c and 11?
11
Let a = -10 + 8. Let d be -2 - (4 + a + -38). What is the greatest common divisor of d and 17?
17
Suppose -5*w + 14 + 1 = 0, -3*j = -2*w - 72. Calculate the highest common divisor of 52 and j.
26
Let f be (-1)/2 - (-38)/(-4). Let c be (4/f)/(2/(-10)). Let p be (-3)/(((-3)/c)/3). What is the highest common factor of p and 48?
6
Let h(y) = y**3 - 6*y**2 + 2*y + 2. Let n be h(6). Let b = n - 0. What is the greatest common divisor of 21 and b?
7
Let r(o) be the third derivative of o**5/30 + o**4/12 + o**3 + 2*o**2. Let a be r(-7). Calculate the greatest common factor of 10 and a.
10
Let y be -2 + 2/(4/238). Let k be (23 - 25)*(-13)/2. What is the highest common divisor of y and k?
13
Suppose f + 4*f = 25. Calculate the greatest common factor of 2 and f.
1
Let j(d) = -d**3 + 13*d**2 + d + 4. Let r be j(12). Calculate the highest common divisor of r and 64.
32
Let g(b) = -3*b - 7. Let c be g(-3). Suppose c = 2*l - 64. Calculate the greatest common factor of l and 11.
11
Let k be (-14)/14*(-36 + 1). Calculate the highest common divisor of 5 and k.
5
Let a(t) = 244*t**2 - t. Let v be a(-1). Suppose 4*y + 5*q = -0*q + v, -5*y + 301 = q. What is the highest common factor of y and 24?
12
Let j be 7 + 1/(3/(-3)). Let t be 117/2*20/j. Suppose -2*b - 2*b = -5*i + t, -i + 39 = -4*b. What is the greatest common divisor of 13 and i?
13
Let z = -18 - -35. Let w = 83 + 36. What is the greatest common factor of w and z?
17
Let v be 10/(-4)*(-28)/35. Suppose 5*x - v*u - 45 = 63, 4*x - 2*u - 88 = 0. Calculate the greatest common divisor of 5 and x.
5
Suppose 5 = x, -4*x = -l - 0*x + 22. Let v be (19/3)/((-5)/(-15)). Suppose 5*y = -v + 89. What is the greatest common divisor of l and y?
14
Let n(q) = q + 7. Let g be n(-6). Let v be (-2103)/(-18) - g/(-6). Let f be (-12)/(-1) - (2 + -3). What is the greatest common factor of f and v?
13
Let y = -22 - -52. Let r = -9 + y. Let u be (14/r)/(4/6). Calculate the highest common divisor of u and 1.
1
Let a(z) = -15*z - 4. Let m be a(-4). Suppose 5*x + i - 34 = 0, 0*x + 4*i + 11 = x. Calculate the greatest common factor of x and m.
7
Let m = -11 - -13. Suppose m*k + 21 = 3*k. What is the highest common factor of 3 and k?
3
Let g(z) = z**3 + 7*z**2 + 9*z + 6. Let a be g(-3). Suppose 22 = -0*l + 3*l + 4*x, -3*x + 3 = 0. What is the greatest common factor of a and l?
3
Let a be (-1 - -4)*(-18)/6. Let x = 31 - a. Calculate the highest common divisor of 16 and x.
8
Let a(k) = -4*k + 3. Let l be a(3). Let c = -48 - -31. Let m = l - c. Calculate the greatest common divisor of 8 and m.
8
Let c = 1 - -1. Suppose 15 + 13 = c*h. Let x be 210/(-5)*4/(-8). What is the highest common divisor of x and h?
7
Let l(b) = -b**2 + 6*b + 6. Let q be l(5). What is the greatest common factor of q and 110?
11
Suppose -9 - 1 = -2*y. Let w = 7 - y. Let x(j) = 5*j. Let v be x(w). What is the greatest common factor of v and 2?
2
Let l(d) be the third derivative of -3*d**2 + 0*d + 0 + 1/30*d**5 + 1/8*d**4 - 1/2*d**3. Let q be l(-3). What is the highest common factor of 48 and q?
6
Let d be (-171)/(-9) + -3*1. What is the highest common factor of d and 40?
8
Let v = 24 - 14. Let l = 4 + 0. Suppose -3*q + l + 2 = 0. What is the highest common divisor of v and q?
2
Let c be (2/4)/((-8)/2288). Let w = c + 209. What is the highest common divisor of w and 11?
11
Let v = 53 + -24. Let i = v - 21. What is the highest common divisor of i and 2?
2
Let d be 14/((-6)/(-3))*1. Suppose 3*b = -2*t + 50, 2*t - t - 36 = 4*b. Calculate the greatest common divisor of d and t.
7
Let h(c) = -90*c**3 + c + 1. Let q be h(-1). Suppose 3*g - 80 = 43. Let t = q - g. What is the greatest common factor of 7 and t?
7
Let y be (-44)/3*(-3)/2. Suppose 2*f - 42 - y = 0. Calculate the greatest common divisor of 8 and f.
8
Let h(n) = n**3 - 4*n**2 + 5*n - 5. Let o be h(5). Suppose -4*m + o = 3*w, -13 = 5*w - 5*m - 88. What is the greatest common factor of w and 75?
15
Let z(p) = 5*p**2 - 3*p - 22. Let f be z(-4). What is the highest common factor of 10 and f?
10
Let a be (110 + (-3 - -3))/2. Suppose -3*j - 97 = -5*k, j - a = -3*k + 2*j. What is the highest common factor of 85 and k?
17
Suppose j - 3*j = -42. Calculate the greatest common divisor of j and 168.
21
Suppose -u = -40 - 59. Calculate the greatest common divisor of u and 11.
11
Let f(b) be the third derivative of -b**5/60 - 7*b**4/24 + 7*b**3/6 - b**2. Let l be f(-5). Let o = 165 + -131. Calculate the highest common factor of o and l.
17
Let r = 164 + -106. Let z be r + (-5 + -2 - -4). What is the greatest common factor of 11 and z?
11
Let n be 6/4 + 7/2. Let x = 1 + n. Let z be 7*(32/7 - 2). What is the greatest common divisor of x and z?
6
Let p be (20/12)/((-10)/(-36)). What is the greatest common factor of 42 and p?
6
Let f = 38 + -24. Calculate the greatest common divisor of f and 35.
7
Suppose -4*x = 2*d - 230, -3*d = -0*x + 2*x - 105. What is the highest common divisor of 24 and x?
12
Let w = 41 - 13. Let p be (-4)/14 - (-64)/w. Suppose -2*d + 3*d = p*m + 74, -d + 77 = -m. Calculate the highest common divisor of d and 16.
16
Suppose 3*n + 0*n + 3*y = -9, 3*y = -n - 13. Let z(l) = 3 + l - 6 + 10. Let b be z(-5). Calculate the greatest common factor of b and n.
2
Let k(b) = 4*b + 3. Let n be 6 + -1 - 2 - -1. Let y be k(n). Calculate the greatest 